62 a factor of 150905835?
False
Is 4589352 a multiple of 27?
True
Is 135 a factor of 71367075?
True
Is 62 a factor of 177490128?
True
Does 1189 divide 32579789?
True
Is 10 a factor of 84607640?
True
Does 107 divide 273484403?
True
Is 16786944 a multiple of 59?
False
Does 39 divide 39536478?
False
Is 534 a factor of 43400850?
True
Is 1371292267 a multiple of 34?
False
Is 342 a factor of 155004660?
True
Is 178 a factor of 2294527570?
False
Is 107 a factor of 262707118?
False
Does 138 divide 58516238?
False
Is 22 a factor of 142748001?
False
Does 59 divide 28884764?
False
Does 192 divide 39066624?
True
Is 10 a factor of 128451484?
False
Does 8 divide 47846409?
False
Does 2 divide 466153?
False
Does 13 divide 95365530?
True
Is 233333477 a multiple of 250?
False
Is 61 a factor of 508720275?
False
Is 148076965 a multiple of 1259?
False
Does 4 divide 9962176?
True
Does 274 divide 90225688?
False
Is 54132792 a multiple of 341?
False
Does 1628 divide 1403103144?
False
Does 64 divide 12955666?
False
Is 1946 a factor of 19825166?
False
Is 11 a factor of 1542240194?
True
Is 56 a factor of 743587320?
True
Is 720083586 a multiple of 34?
True
Is 228 a factor of 1146862395?
False
Is 533 a factor of 319635836?
True
Does 137 divide 3722535879?
False
Does 47 divide 209520780?
False
Is 660 a factor of 77918002?
False
Does 20 divide 45618972?
False
Does 1382 divide 6116732?
True
Is 2463656814 a multiple of 9?
True
Is 22 a factor of 2188898980?
False
Is 58 a factor of 1753266591?
False
Is 3901 a factor of 38721326?
True
Is 11 a factor of 122639?
True
Is 56550980 a multiple of 25?
False
Is 2425 a factor of 21483505?
False
Does 79 divide 10530779?
True
Does 477 divide 162652707?
True
Is 378843909 a multiple of 887?
True
Is 26479756 a multiple of 96?
False
Does 5897 divide 3570547569?
False
Does 248 divide 30788704?
True
Is 1856 a factor of 609087232?
True
Is 233605568 a multiple of 75?
False
Is 1143 a factor of 28768539?
False
Is 14 a factor of 13550544?
True
Does 10 divide 89908983?
False
Is 5541304353 a multiple of 6747?
True
Is 15 a factor of 80834269?
False
Is 64680221 a multiple of 1227?
False
Is 84422923 a multiple of 37?
False
Does 81 divide 41110910?
False
Is 31679714 a multiple of 2?
True
Does 206 divide 2733002?
True
Is 2349489 a multiple of 7?
False
Is 149 a factor of 578452568?
True
Does 11 divide 52592001?
True
Is 17 a factor of 26297026?
False
Is 170 a factor of 124637383?
False
Is 92709344 a multiple of 3224?
True
Is 64550060 a multiple of 3121?
False
Does 1112 divide 21056092?
False
Is 9130936 a multiple of 18?
False
Does 563 divide 155406405?
False
Does 15 divide 962227905?
True
Is 10 a factor of 179474610?
True
Is 298503172 a multiple of 112?
False
Is 89187644 a multiple of 463?
False
Is 573 a factor of 2006164267?
False
Is 1710 a factor of 29443916?
False
Is 466627965 a multiple of 2883?
True
Is 624271455 a multiple of 81?
True
Is 33 a factor of 26031192?
True
Is 1965 a factor of 2869467885?
True
Is 1491916574 a multiple of 962?
False
Is 43 a factor of 22638339?
True
Does 56 divide 299948320?
True
Is 141324129 a multiple of 58?
False
Is 30941696 a multiple of 64?
True
Is 195 a factor of 305951100?
True
Is 60323310 a multiple of 443?
True
Is 529 a factor of 340800844?
True
Is 45 a factor of 2531790450?
True
Does 26 divide 121072308?
False
Is 21 a factor of 135869541?
False
Is 410064280 a multiple of 620?
True
Does 55 divide 4844730?
True
Is 119626942 a multiple of 2147?
False
Is 57 a factor of 1185725172?
True
Is 80 a factor of 14476880?
True
Does 2572 divide 886938768?
True
Is 165 a factor of 161545440?
False
Is 44 a factor of 740639056?
False
Does 9 divide 1142044?
False
Is 66701764 a multiple of 960?
False
Is 2616 a factor of 72248724?
False
Does 173 divide 17243522?
False
Does 311 divide 636345046?
False
Does 1047 divide 15868332?
True
Is 11436180 a multiple of 210?
True
Does 70 divide 88894540?
True
Does 402 divide 4807116?
True
Is 1352 a factor of 19406608?
True
Is 107 a factor of 453329040?
True
Is 558786560 a multiple of 554?
True
Does 12 divide 365610564?
True
Does 310 divide 977258260?
True
Does 1123 divide 130922545?
False
Does 13 divide 5640972745?
False
Is 63468971 a multiple of 484?
False
Is 27 a factor of 25995735?
True
Does 247 divide 456264822?
True
Is 117 a factor of 137475547?
False
Is 1928879724 a multiple of 621?
False
Is 25 a factor of 4816718?
False
Is 78520188 a multiple of 72?
False
Is 3207 a factor of 2672873753?
False
Does 3 divide 47543396?
False
Is 9 a factor of 23168760?
False
Is 75 a factor of 610051467?
False
Is 61306253 a multiple of 6?
False
Does 12 divide 1159690956?
True
Is 101427560 a multiple of 52?
True
Is 1365 a factor of 52084305?
True
Is 209 a factor of 86084592?
True
Is 2 a factor of 1832286?
True
Is 811265427 a multiple of 21?
True
Is 23 a factor of 70643242?
False
Is 982 a factor of 2095807872?
False
Is 76648811 a multiple of 218?
False
Does 3639 divide 60876831?
True
Does 132 divide 154805112?
True
Is 7955354 a multiple of 11?
True
Is 304689370 a multiple of 1370?
True
Does 5 divide 1537507?
False
Does 12 divide 703365900?
True
Is 22 a factor of 195588081?
False
Does 230 divide 268710724?
False
Is 31 a factor of 98931332?
False
Does 239 divide 132043676?
True
Does 1052 divide 160096516?
True
Is 11 a factor of 12703592?
True
Does 451 divide 158376660?
False
Is 981 a factor of 937040938?
False
Is 25 a factor of 140497800?
True
Is 789437 a multiple of 11?
True
Is 79236108 a multiple of 4?
True
Is 11 a factor of 854318384?
False
Is 438 a factor of 174166957?
False
Does 105 divide 99851140?
False
Is 2616 a factor of 298823064?
True
Is 16 a factor of 15874605?
False
Is 171273600 a multiple of 27?
False
Is 85 a factor of 43104158?
False
Does 26 divide 130059124?
True
Is 27411904 a multiple of 208?
True
Does 641 divide 29739195?
True
Is 23393805 a multiple of 2257?
True
Is 1195 a factor of 137821740?
True
Is 37564121 a multiple of 53?
True
Is 2246 a factor of 1475430001?
False
Does 16 divide 54093724?
False
Is 2409 a factor of 2083820827?
False
Is 14 a factor of 76052004?
True
Does 20 divide 9163094?
False
Does 6 divide 60658753?
False
Does 591 divide 390832437?
True
Is 53 a factor of 31571822?
False
Does 576 divide 44925097?
False
Is 62 a factor of 716800155?
False
Does 393 divide 7309800?
True
Does 2981 divide 2511468191?
False
Is 987000764 a multiple of 211?
False
Is 25604703 a multiple of 9?
True
Is 143 a factor of 1114542?
True
Does 54 divide 5482494?
False
Is 20 a factor of 195221492?
False
Does 37 divide 584828360?
False
Is 50019725 a multiple of 5?
True
Is 46 a factor of 23805804?
False
Does 958 divide 978644039?
False
Is 751 a factor of 374323183?
True
Does 22 divide 3067724?
True
Is 503462 a multiple of 12?
False
Is 5 a factor of 11480640?
True
Does 3536 divide 133156091?
False
Does 24 divide 692196912?
True
Does 58 divide 26690222?
False
Is 576258583 a multiple of 1068?
False
Is 68923200 a multiple of 96?
True
Is 1934 a factor of 99943318?
True
Is 2382 a factor of 670592550?
True
Is 116123238 a multiple of 100?
False
Does 33 divide 621112911?
False
Is 332571120 a multiple of 12?
True
Is 1004 a factor of 388027322?
False
Is 191041868 a multiple of 326?
True
Is 374333224 a multiple of 1996?
False
Is 647 a factor of 40564792?
False
Is 291 a factor of 206471484?
True
Is 11862345 a multiple of 142?
False
Does 19 divide 1139033622?
True
Does 101 divide 11675993?
False
Is 122245368 a multiple of 276?
True
Is 66 a factor of 1867712418?
True
Does 58 divide 295058412?
True
Does 605 divide 21229450?
True
Is 1504 a factor of 683285248?
True
Is 1423 a factor of 1928425?
False
Is 4395 a factor of 4282795650?
True
Does 52 divide 156889854?
False
Does 86 divide 30389992?
True
Is 9 a factor of 212159?
False
Is 3532578600 a multiple of 20?
True
Is 5 a factor of 36782302?
False
Is 2858613282 a multiple of 10287?
True
Is 1260 a factor of 56150789?
False
Is 34 a factor of 123647392?
True
Is 43068019 a multiple of 875?
False
Is 10 a factor of 9108400?
True
Is 50 a factor of 214399300?
True
Does 289 divide 1950397909?
False
Is 857984778 a multiple of 1743?
True
Does 7 divide 387603148?
False
Is 257 a factor of 2678840516?
False
Is 45 a factor of 2458823805?
True
Does 43 divide 190365945?
True
Does 2761 divide 335235650